 a prime number?
False
Is 19312637791 a composite number?
True
Is 7194887857 a composite number?
False
Is 3215900189 composite?
False
Is 781956341 composite?
True
Is 39890804483 composite?
False
Is 1378179947 prime?
True
Is 33002114291 a prime number?
False
Is 105715076146 prime?
False
Is 16821773 prime?
True
Is 1812818773 a prime number?
True
Is 79503775789 a composite number?
True
Is 473564743 composite?
True
Is 910560457 a prime number?
True
Is 139946929 composite?
True
Is 840372191 prime?
True
Is 23353848871 composite?
False
Is 237995452546 prime?
False
Is 261560471 a composite number?
True
Is 282753533 a composite number?
False
Is 94038647 prime?
True
Is 451261133 a composite number?
True
Is 532858594 a composite number?
True
Is 15576677387 a composite number?
True
Is 8532697031 prime?
True
Is 1316534371 a composite number?
True
Is 636597743 prime?
True
Is 130167628021 composite?
True
Is 794295479 composite?
False
Is 268205206 composite?
True
Is 102683209907 composite?
True
Is 562764533 prime?
False
Is 9387329347 composite?
True
Is 8369879741 a prime number?
False
Is 4129157119 a prime number?
False
Is 8175309929 composite?
False
Is 2309101117 a composite number?
True
Is 8945518849 a composite number?
False
Is 81248746547 a composite number?
True
Is 24784127 a composite number?
False
Is 22859480951 a prime number?
False
Is 27459869627 prime?
True
Is 508917767 a prime number?
True
Is 587309935 composite?
True
Is 1664799859 composite?
False
Is 466994497 prime?
True
Is 11182032733 composite?
False
Is 890195842 a prime number?
False
Is 1011880781 prime?
True
Is 19557665027 a prime number?
True
Is 4437726907 prime?
True
Is 1319727601 prime?
True
Is 847080523 a composite number?
True
Is 710754713 prime?
True
Is 240433148947 prime?
True
Is 282401369 prime?
True
Is 104282332769 a prime number?
True
Is 20148869677 prime?
True
Is 44681370817 a prime number?
False
Is 974340701 a composite number?
False
Is 5288124059 a composite number?
False
Is 6723013309 a composite number?
True
Is 80222215103 prime?
True
Is 968320807 a composite number?
True
Is 6362404603 prime?
False
Is 11252325389 a prime number?
True
Is 1634649551 a prime number?
False
Is 7843121261 a composite number?
True
Is 342390647 a prime number?
False
Is 4311190118 composite?
True
Is 7477390909 prime?
True
Is 98241699961 prime?
True
Is 6949954993 composite?
False
Is 4696042999 a prime number?
False
Is 45655072817 composite?
False
Is 16941720791 composite?
True
Is 118202431 prime?
True
Is 17794918877 a prime number?
True
Is 92144262919 composite?
False
Is 975036077 prime?
True
Is 888186709 a composite number?
True
Is 206780871503 composite?
False
Is 4356318379 prime?
False
Is 683124383 a composite number?
True
Is 57950687417 a composite number?
True
Is 1525773523 a prime number?
True
Is 4132472623 a prime number?
False
Is 1262993521 composite?
False
Is 118687741 a prime number?
False
Is 900189251 a prime number?
False
Is 4079286179 composite?
False
Is 17825877509 a prime number?
False
Is 34566780431 a prime number?
False
Is 19793121839 a prime number?
True
Is 421281718727 a prime number?
True
Is 838031743 prime?
False
Is 5196387607 prime?
False
Is 1753227643 prime?
False
Is 152033379293 a prime number?
True
Is 21816257357 composite?
False
Is 171381031 a composite number?
False
Is 633708211 composite?
False
Is 5329383467 a prime number?
False
Is 382758913 a composite number?
False
Is 38203232449 prime?
False
Is 553946293 a composite number?
True
Is 153707963 composite?
False
Is 832722197 composite?
True
Is 1357562527 composite?
False
Is 152934121 prime?
True
Is 257908289 composite?
False
Is 301921915 composite?
True
Is 4060310951 composite?
True
Is 2140210433 composite?
False
Is 1322386151 composite?
True
Is 278865047 prime?
False
Is 6830523407 composite?
False
Is 1763818619 prime?
True
Is 5569927247 a composite number?
False
Is 41354773081 composite?
True
Is 298332493 prime?
False
Is 4652831453 composite?
True
Is 1277654831 prime?
False
Is 11525991899 composite?
False
Is 27583629022 a prime number?
False
Is 17332822811 a composite number?
False
Is 17097837367 composite?
True
Is 15636353191 a composite number?
True
Is 44680512731 composite?
False
Is 324821543 composite?
False
Is 6148701379 a composite number?
False
Is 576474713 a composite number?
False
Is 22418926133 a composite number?
True
Is 12511239361 prime?
False
Is 1450570262 composite?
True
Is 267518821 prime?
False
Is 171398719 composite?
True
Is 602364023 a composite number?
True
Is 2157240847 a prime number?
True
Is 203541389 composite?
False
Is 100546626767 composite?
True
Is 41156759873 composite?
False
Is 302455369 a prime number?
True
Is 4333347173 a prime number?
True
Is 220442323537 a prime number?
True
Is 396373987 prime?
True
Is 31203890147 composite?
False
Is 2968633223 composite?
True
Is 224598061 composite?
False
Is 139709217391 a composite number?
False
Is 16109009047 prime?
False
Is 7506306919 composite?
True
Is 1354481981705 a composite number?
True
Is 2522136574 composite?
True
Is 2875769597 a prime number?
True
Is 4093838873 a prime number?
True
Is 734262947 composite?
True
Is 390798169 composite?
True
Is 1483270771 a prime number?
True
Is 678120697 a prime number?
False
Is 3247241117 prime?
True
Is 942052741 prime?
False
Is 831405017 composite?
True
Is 5607211279 a composite number?
False
Is 15458034379 composite?
True
Is 587184295 a composite number?
True
Is 18941573269 a composite number?
False
Is 4642142543 prime?
True
Is 8325327173 a prime number?
False
Is 2987651671 prime?
False
Is 373099501 a prime number?
False
Is 989630309 a composite number?
True
Is 1879122929 composite?
False
Is 1517741527 a prime number?
False
Is 1909211449 prime?
False
Is 4571239639 composite?
False
Is 3867687191 composite?
False
Is 14897203235 a prime number?
False
Is 186078559 a prime number?
False
Is 540665453 a composite number?
True
Is 359038453 prime?
False
Is 33073547539 composite?
True
Is 486602359 a prime number?
False
Is 42933379199 a composite number?
False
Is 41607877939 prime?
False
Is 3861138439 a composite number?
True
Is 19148357885 a composite number?
True
Is 1483786477 a composite number?
False
Is 59316532681 a prime number?
False
Is 268511083 composite?
False
Is 861602681 composite?
True
Is 51690654507 a prime number?
False
Is 523872319 prime?
False
Is 313834163 composite?
False
Is 1589968039 a prime number?
False
Is 2264438747 a composite number?
False
Is 110985583 a composite number?
False
Is 57441287023 composite?
True
Is 104885955521 a prime number?
True
Is 278227591 composite?
False
Is 308600990407 composite?
False
Is 31981199233 prime?
True
Is 12022366539 prime?
False
Is 466456789 a prime number?
True
Is 2442230267 a composite number?
False
Is 525897481 composite?
True
Is 34856550653 prime?
True
Is 1619134549 a prime number?
True
Is 4989546005 a composite number?
True
Is 1844304199 a composite number?
True
Is 21835028051 prime?
False
Is 5517673439 a prime number?
True
Is 2710840135 a composite number?
True
Is 1936323407 composite?
True
Is 397069889 a prime number?
True
Is 365947284829 prime?
False
Is 49277757223 prime?
True
Is 13835333423 a prime number?
True
Is 4824859703 composite?
True
Is 166977181 a composite number?
True
Is 2517402247 a composite number?
False
Is 641197 composite?
False
Is 16745899543 a composite number?
False
Is 380982407 a prime number?
False
Is 8357663771 a prime number?
True
Is 210601958293 a prime number?
True
Is 1792499711 prime?
False
Is 4821679871 a prime number?
True
Is 11894934407 a prime number?
True
Is 16072429357 a composite number?
True
Is 1436145179 prime?
False
Is 151845527 a prime number?
False
Is 225710033 a prime number?
True
Is 20973931729 a prime number?
False
Is 4401804737 a composite number?
True
Is 4473391717 a composite number?
True
Is 6568670417 prime?
True
Is 349135805 composite?
True
Is 42629261333 a composite number?
False
Is 8269726601 prime?
True
Is 677664917 a composite number?
False
Is 7903634429 composite?
False
Is 80996695337 composite?
False
Is 105927284773 a composite number?
False
Is 409698475087 a prime number?
False
Is 24906040919 composite?
False
Is 1603576811 a composite number?
False
Is 3244810183 a prime number?
True
Is 713297281 a compos